e factors of t?
3
Let a(t) = t**2 - 9*t + 9. Let m be a(6). List the prime factors of ((-10)/(-3))/((-6)/m).
5
Let x(o) = 2*o - 4. Let r(q) = q**2 - 3*q - 2. Let m be r(-2). Let s be x(m). Suppose s = 5*t - 73. List the prime factors of t.
17
Let b(s) = s - 1. Let a(o) = -7*o + 8. Let z(t) = a(t) + 6*b(t). Suppose 5 = -v + 2*h, -14 = 5*v - 2*v - 5*h. What are the prime factors of z(v)?
5
What are the prime factors of 41 + (-2 - -1) - 1?
3, 13
Suppose -4*p = 2*m - 142, -5*m - 5*p = -2*p - 376. List the prime factors of m.
7, 11
Let u(x) = -x**2 - 7*x - 10. Let d be u(-8). Let w = -13 - d. List the prime factors of w.
5
Let a = 7 - 3. Let r(s) = 2*s**2 + 3*s + 2. Let h be r(-2). Suppose a = -2*m + h*m. What are the prime factors of m?
2
Let l be (1/(-3))/((-1)/15). Suppose -l*k - 20 = -90. List the prime factors of k.
2, 7
Let r(b) be the second derivative of -b**4/12 - 5*b**3/2 - 3*b**2/2 - 2*b. List the prime factors of r(-6).
3, 17
Suppose -3*s + 461 = 3*r - 136, 1007 = 5*s - r. What are the prime factors of s?
3, 67
Let y = -1 - 8. Let r(l) = 5*l + 4. Let i be r(4). Let b = y + i. What are the prime factors of b?
3, 5
Let s = 7 - 1. Suppose 2*k - s*v = -v + 39, 3*v = -3*k + 111. Suppose 0 = -h - 5*l + 11, 2*h + 3*l + 2*l - k = 0. List the prime factors of h.
3, 7
Let r = -7 - -6. List the prime factors of r/2 - (-66)/4.
2
Suppose 5*h - 3*p = -177, 2*h + 0*p + 82 = 4*p. Let t = -15 - h. Suppose -w + t = w. List the prime factors of w.
3
Let x(f) = -3*f. Suppose 4*t = 103 - 19. Suppose 0 = -4*o - j - t, -3*o - 5*j - 53 = -16. List the prime factors of x(o).
2, 3
Let l(k) = k**3 + 10*k**2 - 6*k + 20. List the prime factors of l(-9).
5, 31
Let b(g) = -7*g - 1. Let t(n) = 8*n + 2. Let i(o) = 3*b(o) + 2*t(o). Let c be i(-1). Let f = -4 + c. List the prime factors of f.
2
Let d(k) = 4*k**3 - 2*k + 10. Let j(s) = -s**3 + 3*s - 4*s + 2*s. Let z(g) = d(g) + 3*j(g). What are the prime factors of z(0)?
2, 5
Let q(n) = -n**3 + 7*n**2 - 2. Let c be q(7). List the prime factors of 3*c/(-12)*28.
2, 7
Suppose 5*c + 2*j - 60 = 0, 5*j = 4*j + 5. What are the prime factors of c?
2, 5
Let r = 5 + -2. Let t = r + 0. Suppose t = -4*w + 11. List the prime factors of w.
2
Let y = 63 + -37. What are the prime factors of y?
2, 13
Let c(y) = -2*y - 10. Let z be c(-7). Suppose 9*w - z*w - 80 = 0. What are the prime factors of 25/4 - 4/w?
2, 3
Let t be -3 + 4 + -2 + 1. List the prime factors of 6 - -11 - (t + 0).
17
Let g be (-1 - 0)/((-3)/(-6)). List the prime factors of (-18)/12 - 23/g.
2, 5
Let g(x) = x**2 - 8*x + 6. Suppose -4*v - 36 = -9*v - 4*a, -19 = -2*v + 3*a. Let j = 16 - v. List the prime factors of g(j).
2, 3
Let a(v) = v**3 - 9*v**2 + 5. Suppose 2*c + c = 27. Let b be a(c). Suppose 2*k + 18 = -b*x + 5, k + 5*x = -19. What are the prime factors of k?
2, 3
Let q be (-2)/(-5) + (-26)/65. Suppose 5*t - 11 - 49 = q. What are the prime factors of t?
2, 3
Let f(g) = g**3 + 2*g**2 + g. Let c be f(-1). Suppose -a - 4*n + 16 = c, -3*a - n = -7*a + 13. What are the prime factors of a?
2
Let z be 83/3 + (-1)/(-3). Let n(y) = y**2 - 19*y + 19. Let h be n(18). What are the prime factors of h + 5/(10/z)?
3, 5
Let g(w) = w**2 + 7*w - 6. Let i be g(-8). Suppose 0 = -i*s + s + 9. List the prime factors of s.
3
Suppose -2*z - 3*z = -90. What are the prime factors of z?
2, 3
Let t = -19 + 67. List the prime factors of t.
2, 3
Let l(s) = -s - 6. List the prime factors of l(-9).
3
Let j(h) = -2*h - 10. Let y be (-51)/7 - 4/(-14). List the prime factors of j(y).
2
Suppose 0*r = -r + 2. What are the prime factors of r?
2
Suppose p + h + 67 = 2*p, -p = -3*h - 59. List the prime factors of p.
71
What are the prime factors of (2 - (7 + -1 - 2))*-67?
2, 67
Suppose 5*i - 3*d = 25 + 49, -3*d - 22 = -i. Let n = i - 6. List the prime factors of n.
7
Let p(q) = 11*q**2 - 20*q + 15. Let s(h) = 5*h**2 - 10*h + 8. Let v(m) = 4*p(m) - 9*s(m). What are the prime factors of v(8)?
2
Suppose -24 - 3 = -3*c. Let d(p) = p**2 - 3*p - 6. Let j be d(c). Suppose -2*o = 2*o - j. List the prime factors of o.
2, 3
Let m be (-2)/8 - (-339)/12. Let j = -19 + m. Suppose -4*s = -3*s - j. What are the prime factors of s?
3
Let i(b) = b**2 - 2*b - 1. Let l(k) = -k**3 + 2*k**2 + 4*k. Let x be l(3). Let z be i(x). Let h = z + 5. List the prime factors of h.
7
Suppose 5*t - 596 = -4*y + 389, -4*t + 4*y + 824 = 0. What are the prime factors of t?
3, 67
Let h(n) = -2*n + 14 - 6*n - 2*n - 4 + n**2. List the prime factors of h(12).
2, 17
Let m(h) = h**3 + 10. Let a be m(0). Let n be 8/a*(-10)/(-4). List the prime factors of 31/n + (-5)/(-10).
2
Let m = -58 + 92. What are the prime factors of m?
2, 17
Let c(w) = -8*w + 11. Let k be c(2). Suppose -5*a - 4*n - 25 = 0, 3 = -3*n - 12. Let u = a - k. List the prime factors of u.
2
Let m(y) = -3*y**2 + 3*y + 77. What are the prime factors of m(0)?
7, 11
Suppose 2*l + 3*v - 12 = v, 5*v = -4*l + 23. Suppose l = -i + 1. Let k(n) = n**3 + 5*n**2 - 6*n + 3. What are the prime factors of k(i)?
3
Let r(h) = -h**2 - 12*h - 10. Let w(x) = -2*x**2 - 24*x - 20. Let z(b) = 13*r(b) - 6*w(b). What are the prime factors of z(-8)?
2, 11
Let g = -12 + 34. List the prime factors of g.
2, 11
Let z(p) = -p**2 + 18*p - 18. List the prime factors of z(15).
3
Suppose 6*w - 2*w = 0, -5*w = -s - 8. List the prime factors of (-90)/s + 2/(-8).
11
Let v(g) = -g**3 - 5*g**2 + 8*g + 4. Let o be v(-5). Let a = -15 - o. What are the prime factors of a?
3, 7
Let s = -1 - -3. What are the prime factors of (0 + 1)*(s - -11)?
13
Let u = -20 - 12. What are the prime factors of 136/u*(-4)/1?
17
Suppose 12 = -a + 5*q - 4*q, 3*a + 5*q = 4. Let d = a + 1. What are the prime factors of (-171)/(-15) + d/(-10)?
2, 3
Let q = -6 + -7. Let j = -9 - q. Suppose -5*s - 15 = -2*d, 5*s - j*s = -1. What are the prime factors of d?
5
Let o(u) = -5*u**2 - 2*u - 1. Let s be o(-1). Let q = 8 - s. What are the prime factors of (q + 0)/((-15)/(-20))?
2
Let f = 27 + -9. List the prime factors of f.
2, 3
Let q(k) = k**3 - 5*k**2 - 4*k - 4. Let x be q(6). Let d(a) = -7*a + 12*a**2 - 3*a**2 - a**3 + 3 + 2. List the prime factors of d(x).
13
Let g(z) be the first derivative of -z**2/2 + 2*z - 4. What are the prime factors of g(-9)?
11
Suppose -2*t - s + 5 = -0*t, -s = 3*t - 6. Suppose -o = q, q + 4*o + t = -4*q. List the prime factors of (4 - q) + 1 + 3.
3
List the prime factors of ((-702)/(-12))/(12/16).
2, 3, 13
List the prime factors of 2/(-1 + 90/86).
43
Suppose 15 = -3*a, 2*r + 4*a = 2*a - 26. Suppose -s + 74 = 4*h, 5*h - 3*s - 84 = -0*h. Let x = h + r. What are the prime factors of x?
2, 5
Suppose -200 = -y + 83. What are the prime factors of y?
283
Suppose 5*a - 46 = 2*b, -3*a - 3*b - 2*b + 40 = 0. List the prime factors of a.
2, 5
Let i = -23 + 49. What are the prime factors of i?
2, 13
Suppose 159 + 51 = 7*h. What are the prime factors of h?
2, 3, 5
What are the prime factors of 10/4*(-4)/(-5)?
2
Let l(w) = w**2 - 17*w - 50. List the prime factors of l(23).
2, 11
Suppose 0 = -7*s + 8*s - 107. What are the prime factors of s?
107
Suppose -4*n = -4*g - n - 68, g + n + 10 = 0. Let p = 17 - g. What are the prime factors of p?
31
Let q(l) = -l + 3. Suppose 0 = 3*z - 5*a + 37, 0 = 4*z - 2*a - a + 31. Let x be q(z). Suppose 2*f = 8, f = -n + 4*f - x. What are the prime factors of n?
5
Let j(i) = -i**2 - i + 5. Let x be j(0). Suppose -2*q = -x*q + 12. List the prime factors of q.
2
Suppose 0*k + 150 = 2*k. Let f = -9 - -15. What are the prime factors of f/9 - k/(-9)?
3
Suppose 74 = 4*w + 14. List the prime factors of w - ((7 - 2) + -1).
11
List the prime factors of 160/(-12)*9/(-3).
2, 5
Let g = -26 - -61. Suppose -3*u + g - 11 = 3*q, -20 = -3*u - q. What are the prime factors of u?
2, 3
Suppose 2*i - 50 = -5*z, -4*i + 58 = 3*z - 28. What are the prime factors of i?
2, 5
Suppose -5*r + r - 16 = 0. List the prime factors of ((-4)/r)/((-1)/(-5)).
5
Let g(m) = -m**2 - 8*m - 7. Let y be g(-6). Let p = 3 - y. What are the prime factors of p + 17 + 3/3?
2
Let n(l) = 3*l - 6. Let z be n(4). Suppose 0 = -4*j + z*j - 6. List the prime factors of j.
3
Let r = -44 + 100. List the prime factors of r.
2, 7
Suppose -7*j + 3*j = -5*w + 196, 3*w = j + 42. Let l be 40/(-15)*j/4. Suppose -s - s + l = 0. List the prime factors of s.
2, 3
Suppose -19 - 